{"id":934,"date":"2022-03-22T16:20:15","date_gmt":"2022-03-22T15:20:15","guid":{"rendered":"https:\/\/www.buergerforum-europa.at\/team\/eva-nowotny-copy-copy-copy\/"},"modified":"2023-04-27T14:19:27","modified_gmt":"2023-04-27T13:19:27","slug":"wolfgang-petritsch","status":"publish","type":"team","link":"https:\/\/www.buergerforum-europa.at\/fr\/team\/wolfgang-petritsch\/","content":{"rendered":"<p style=\"font-weight: 400;\">Pr\u00e4sident der Austrian Marshall Plan Foundation, \u00f6sterreichischer Botschafter bei der UNO in Genf a.D., ehem. Leiter der \u00f6sterreichischen Vertretung bei der OECD in Paris sowie ehem. \u00a0EU-Sonderbeauftragter f\u00fcr den Kosovo<\/p>\n","protected":false},"featured_media":947,"parent":0,"template":"","teamkategorie":[],"class_list":["post-934","team","type-team","status-publish","has-post-thumbnail","hentry"],"acf":[],"aioseo_notices":[],"_links":{"self":[{"href":"https:\/\/www.buergerforum-europa.at\/fr\/wp-json\/wp\/v2\/team\/934","targetHints":{"allow":["GET"]}}],"collection":[{"href":"https:\/\/www.buergerforum-europa.at\/fr\/wp-json\/wp\/v2\/team"}],"about":[{"href":"https:\/\/www.buergerforum-europa.at\/fr\/wp-json\/wp\/v2\/types\/team"}],"wp:featuredmedia":[{"embeddable":true,"href":"https:\/\/www.buergerforum-europa.at\/fr\/wp-json\/wp\/v2\/media\/947"}],"wp:attachment":[{"href":"https:\/\/www.buergerforum-europa.at\/fr\/wp-json\/wp\/v2\/media?parent=934"}],"wp:term":[{"taxonomy":"teamkategorie","embeddable":true,"href":"https:\/\/www.buergerforum-europa.at\/fr\/wp-json\/wp\/v2\/teamkategorie?post=934"}],"curies":[{"name":"wp","href":"https:\/\/api.w.org\/{rel}","templated":true}]}}

<p style="font-weight: 400;">Präsident der Austrian Marshall Plan Foundation, österreichischer Botschafter bei der UNO in Genf a.D., ehem. Leiter der österreichischen Vertretung bei der OECD in Paris sowie ehem.  EU-Sonderbeauftragter für den Kosovo</p>
