{"id":392,"date":"2021-04-13T00:13:07","date_gmt":"2021-04-12T23:13:07","guid":{"rendered":"http:\/\/www.buergerforum-europa.at\/?post_type=team&#038;p=392"},"modified":"2023-04-27T14:19:39","modified_gmt":"2023-04-27T13:19:39","slug":"franz-marhold","status":"publish","type":"team","link":"https:\/\/www.buergerforum-europa.at\/sv\/team\/franz-marhold\/","content":{"rendered":"<p style=\"font-weight: 400;\">Stellvertretender Institutsvorstand f\u00fcr \u00f6sterreichisches und europ\u00e4isches Arbeits- und Sozialrecht der Wirtschaftsuniversit\u00e4t Wien und emeritierter Rechtsanwalt<\/p>\n","protected":false},"featured_media":497,"parent":0,"template":"","teamkategorie":[],"class_list":["post-392","team","type-team","status-publish","has-post-thumbnail","hentry"],"acf":[],"aioseo_notices":[],"_links":{"self":[{"href":"https:\/\/www.buergerforum-europa.at\/sv\/wp-json\/wp\/v2\/team\/392","targetHints":{"allow":["GET"]}}],"collection":[{"href":"https:\/\/www.buergerforum-europa.at\/sv\/wp-json\/wp\/v2\/team"}],"about":[{"href":"https:\/\/www.buergerforum-europa.at\/sv\/wp-json\/wp\/v2\/types\/team"}],"wp:featuredmedia":[{"embeddable":true,"href":"https:\/\/www.buergerforum-europa.at\/sv\/wp-json\/wp\/v2\/media\/497"}],"wp:attachment":[{"href":"https:\/\/www.buergerforum-europa.at\/sv\/wp-json\/wp\/v2\/media?parent=392"}],"wp:term":[{"taxonomy":"teamkategorie","embeddable":true,"href":"https:\/\/www.buergerforum-europa.at\/sv\/wp-json\/wp\/v2\/teamkategorie?post=392"}],"curies":[{"name":"wp","href":"https:\/\/api.w.org\/{rel}","templated":true}]}}

<p style="font-weight: 400;">Stellvertretender Institutsvorstand für österreichisches und europäisches Arbeits- und Sozialrecht der Wirtschaftsuniversität Wien und emeritierter Rechtsanwalt</p>
